Let m(l) = -2*l**3 - l**2 - l + 4. What is m(v)?
-62
Let q be -6 - (1/(-8) - (-156)/(-32)). Let c be (q - 2) + 1 + 2. Let s(n) = n**2 - n - 8. Calculate s(c).
-8
Let p = 420 + -502. Let u be 9*p/123*(-1)/2. Let i(q) = -2*q + 1. Calculate i(u).
-5
Let c(l) = 6 - 5 - l + 5*l**2 - l**3 - 1. Suppose -3*o - 20 = -8*o. Suppose 4 = o*j - 16. Give c(j).
-5
Let w(a) = -a**3 + 10*a**2 - 3*a + 8. Let z be 36/(-9 - (-12 + -1)). Give w(z).
62
Suppose 8*n = -58496 + 58520. Let x(k) be the second derivative of -k**4/12 + 7*k**3/6 - k**2/2 + k. Give x(n).
11
Let h(f) = 1 - 813*f**2 - 4*f + 5*f - 1 - f**3 - 10 + 5 + 825*f**2. Suppose -36 = -4*a + 4*r, -a - r = 3*r - 24. What is h(a)?
7
Let f(p) be the third derivative of 7*p**5/60 - 2*p**4/3 + 3*p**3/2 - 123*p**2. Let t(w) = -20*w**2 + 47*w - 27. Let v(b) = -17*f(b) - 6*t(b). Calculate v(9).
0
Let k(h) be the second derivative of h**3/6 - 3*h**2/2 - h. Let x(u) = 49*u**2 - 835*u + 24. Let p be x(17). Calculate k(p).
-13
Let b(c) = c**3 - 3*c**2 - 6*c. Suppose 2*u - 2*s = 3 - 11, -u - 24 = -5*s. Let a be 200/52 + u + (-18)/(-117). What is b(a)?
20
Let z(v) be the second derivative of -v**5/20 + 2*v**4 - 3*v**3 - 48*v**2 - 11796*v. Calculate z(23).
19
Let g(c) = c**3 + 15*c**2 + 37*c + 3. Let o be g(-12). Let r(v) = -7 - 6 - 4*v + 2*v. What is r(o)?
5
Let h(k) = -k + 5. Let v be h(5). Suppose -5*r = u + u - 15, -3*u + 2*r = -32. Let a(x) = u + 13 + 5 + x - 27. Determine a(v).
1
Let h(u) = u**3 - u**2 + u. Let j(q) = -14*q**3 + 14*q**2 - 14*q + 2. Suppose -3*n + 8 = -2*l - 3, 5*n - 15 = 0. Let m(x) = l*j(x) - 12*h(x). What is m(2)?
10
Let v(o) = o**3 - 4*o**2 + 2*o + 2. Let n be v(2). Suppose -a - 1 + 13 = -2*z, 3*z = 4*a - 23. Let m(t) = -69*t**a - 2*t + t - 2*t**3 + 66*t**2. Determine m(n).
6
Let l(s) = -s**3 + s**2 + 3*s - 3. Let p(r) = -25*r - 103. Let b be p(-4). Give l(b).
24
Suppose 118*f = 327 + 263. Let l(n) = -3*n + 5. Calculate l(f).
-10
Let g(y) be the third derivative of y**4/24 - y**3/6 + 15*y**2. Let t(w) = 10*w - 8. Let n(f) = 6*g(f) - t(f). Let i be n(0). Let o(s) = 2*s**2 - 2. Give o(i).
6
Let s(m) = 2*m - 18. Let j be s(-11). Let u = j - -46. Let o(t) = -t + 10 - 7 - 4*t - u. Give o(-4).
17
Let r(k) be the third derivative of k**6/120 + k**5/6 + k**4/24 + 5*k**3/3 - 4*k**2. Suppose 0 = -4*z - 3*q - 58, -2*z + 1533 - 1577 = 4*q. What is r(z)?
0
Let d(i) = -3*i + 3291 - 3291. Let w(l) = -2*l + 1. Let m(z) = 2*d(z) - 5*w(z). Determine m(3).
7
Suppose 83*r - 72*r - 77 = 0. Let m(t) be the second derivative of t**5/20 - t**4/2 - 7*t**3/6 - 7*t**2/2 - 21*t. What is m(r)?
-7
Suppose 5*z = -t + 19, -8*z - 40 = 5*t - 10*z. Let b(s) = -2*s - 21. Calculate b(t).
-9
Let y(h) = -h**3 - 10*h**2 + 5*h + 42. Suppose 231*g - 1550 = 386*g. Determine y(g).
-8
Let x(p) = -3 + p**3 - 3181052*p - 4*p**3 + 3181049*p. Give x(-2).
27
Let a(v) = 2*v**2 - 27*v + 26. Let g be (-12)/(-10) - (13 + (-1216)/95). Give a(g).
1
Let l = -47 - -47. Suppose -30 = -m + 3*i, m + 2*m - 90 = -2*i. Let s(j) = -5*j + m + 4*j - 36. Determine s(l).
-6
Let h(s) = -4*s + 37. Let w(d) = -9*d + 79. Let l(c) = 13*h(c) - 6*w(c). Calculate l(0).
7
Suppose 18*j - 16*j + 136 = 0. Let i = 63 + j. Let k(f) be the first derivative of f**3/3 + 7*f**2/2 + 7*f - 4. Calculate k(i).
-3
Let k(l) = 129*l + 8*l**2 - 61*l - 67*l. Let n(i) = -5*i + 2. Let z(p) = -p - 1. Let b(c) = -n(c) + 4*z(c). Let v be b(5). What is k(v)?
7
Suppose -112 = -11*w - 13. Let y(b) = 29*b - 39. Let d(s) = 13*s - 19. Let t(h) = w*d(h) - 4*y(h). What is t(13)?
-2
Let d(h) = h**3 + 19*h**2 - 43*h. Let j be d(-21). Suppose -2*v - 2*t = -7*v + 30, t + j = 4*v. Let l(o) = -o**3 + 7*o**2 - 5*o + 1. What is l(v)?
29
Let m(z) be the first derivative of -z**3/3 - 13*z**2/2 + 64*z - 3097. What is m(-17)?
-4
Let b(k) be the first derivative of k + 140 - 3/2*k**2. Give b(-4).
13
Let k(u) be the first derivative of u**4/4 - 11*u**3 + 15*u**2 + 62*u + 2751. Determine k(32).
-2
Let b = -7 - -10. Let c(r) = -4*r**3 - 7*r**2 + 25*r - 2. Let w(x) = 3*x**3 + 5*x**2 - 18*x + 1. Let i(u) = -2*c(u) - 3*w(u). Calculate i(b).
-23
Let l(k) be the second derivative of -k**4/6 + 8*k**3 + 49*k**2/2 + 23*k - 5. Give l(25).
-1
Let n be (-2)/(-20) - (-1062)/180. Let u(x) = 3 - 2*x + 3 - 14 - 3 + n. Give u(-5).
5
Let v(d) = -2*d - 2. Let m(s) = -5*s**2 - 34*s + 27. Let p(r) = -14*r**2 - 102*r + 82. Let h(z) = -17*m(z) + 6*p(z). Let q be h(33). Give v(q).
-2
Let r(d) = -2*d + 0 - 2 + d**3 - d - 3*d**2 - 2*d**2. Let p = -198 + 201. Let t(k) = -k**3 + 4*k**2 + 2*k + 2. Let v(w) = p*r(w) + 4*t(w). Give v(2).
-4
Let z(n) = 3*n**2 - 2*n**3 + n**2 - 3*n**2. Suppose 0 = -5*h + 5*f + 45, 7*f = -4*h + 9*f + 26. Suppose 7 = 3*w + l, -5*w + h*l + 21 = 32. Determine z(w).
-1
Let t(d) = 2*d**2 + d - 18. Let b(w) = 2*w - 5. Let q(h) = -b(h) + t(h). Calculate q(-6).
65
Suppose -61*h = -66*h + 25. Let v(j) = -3 - 3*j + h*j + 2*j - j - 2*j. Determine v(-2).
-5
Let x(c) be the second derivative of c**4/12 - c**3/2 + 5*c**2/2 + 40*c. Let m = 9 - 7. Suppose -m = -3*g + 10. What is x(g)?
9
Let o(t) = -12*t - t**2 - 4 - 11*t + 23*t - 3 - 5*t. Let x = 2 - 8. Determine o(x).
-13
Let r(o) = -7*o - 36. Let p = -476 - -472. Give r(p).
-8
Suppose 17*j - 19*j + 169 = 5*f, -4*f - 4*j + 128 = 0. Let k(g) = g**2 - 36*g + 40. Give k(f).
5
Let z(r) = -r**3 + 17*r**2 - 18*r + 38. Let c be z(16). Let j be (7 - c)*-6 - -5. Let w(f) = -3*f + 2. Calculate w(j).
5
Let q(f) = -7*f - 1. Suppose 24*x + 16869 = 6549. Let u = -433 - x. Give q(u).
20
Let j(g) = 5*g**2 + 12*g + 8. Let f(p) = -4*p**2 - 11*p - 9. Let o(w) = 4*f(w) + 3*j(w). Calculate o(-6).
0
Let l(f) = -165 + f - 209 - 159 + 514. Let j = 55 - 36. What is l(j)?
0
Let k(t) = -t**3 - 3*t**2 + 3*t + 1. Suppose -f - 892 = 2*m, 4*f = 3*m + 2*f + 1345. Let g = m - -445. Calculate k(g).
-9
Let n(j) = -28*j + 331. Let y = 12200 + -12188. Calculate n(y).
-5
Suppose 0 = -5*y + 2*t + t + 22, -t = 3*y - 16. Suppose -4*o + 21 = y. Let n(u) = -2*u - o + u + 4. Give n(8).
-8
Let c be (504/9)/7 - 7. Let g(i) = i + 1. Let x(s) = -8. Let h(u) = u + 8. Let z(d) = 3*h(d) + 2*x(d). Let q(t) = c*z(t) - 4*g(t). Calculate q(5).
-1
Let t(q) = -q**3 + 11*q. Let i be (-154)/55 - -3 - 4/20*16. Give t(i).
-6
Let w(f) = -f**2 + 6*f + 7. Let j be w(7). Let s(b) = j*b + 4*b - 15 - 3*b + 4. Let n be s(13). Let z(q) = 4*q**3 - 3*q**2 + 2*q + 2. Give z(n).
26
Let p = 294 - 292. Let m(u) = -265 + u - 258 + 525 - u**p. Give m(-6).
-40
Let d be (-8 + 8)*(-3)/(-6). Let t(q) = q**3 - q**2 - 2*q + 71. Determine t(d).
71
Let o(v) = -15*v**3 - 2*v**2 + 4*v + 2. Let a be o(-1). Let j(u) = u**3 - 10*u**2 - 9*u + 5. Calculate j(a).
27
Let q(f) = -2*f**3 - 5*f**2 - 2*f - 1. Let w(a) = 3*a**3 + a**2 + a. Let v(s) = q(s) + 4*w(s). Suppose 2*k + 4*p + 6 = 0, k - 9 = -0*k + 4*p. Calculate v(k).
10
Let g(t) = 12*t**3 + 2*t**2 + t. Suppose 8*j + 12 = 5*j. Let w be j + 8 + -29 + -3. Let a = 27 + w. Give g(a).
-11
Let n(v) = v**2 + v + 1. Let h(x) = 9 + x + 14*x**2 - 7*x**2 - x. Let d(z) = h(z) - 5*n(z). Suppose -16*i = -65 + 17. Give d(i).
7
Let i(q) be the first derivative of 0*q + 1/24*q**4 - 11 - 1/6*q**3 - 4*q**2. Let y(c) be the second derivative of i(c). Calculate y(-6).
-7
Let k(a) = a**3 + 10*a**2 + 18*a + 5. Suppose -3*q - 37 = -10*q - 86. Give k(q).
26
Let g(p) = 121*p - 3627. Let r be g(30). Let y(q) = -q**3 + q**2 - 2*q + 5. What is y(r)?
-19
Let u(c) = 4*c - 11 - c**2 + 0*c**2 - c**3 + 11*c**2 + 0. Let g be 8 - ((-27)/3 + (-77)/(-11)). Give u(g).
29
Let z(c) = -154 + 304 - 3*c - 150. Suppose 4*h + 16 = 0, 2*g = -2*g + h - 4. Determine z(g).
6
Suppose 7*t + 790 = -1128. Let u = 277 + t. Let w(x) be the second derivative of -x**3/6 + x. Determine w(u).
-3
Let w = -110 - -77. Let k = -23 - w. Let h = k + -6. Let z(v) = v**2 - 3*v + 6. Give z(h).
10
Let q(f) = -f**2 + 12*f + 2. Let m be q(12). Let r(o) = 5*o**3 + 2*o**2 + 2*o - 2. Let i be r(m). Let a(j) = -j + 33 - i + 32. Determine a(11).
4
Let j be (0 - -1)/(1 + 0). Let i(v) = 5*v**3 - 2*v**2 + 12*v. Let m(q) = -60*q**3 + 25*q**2 - 150*q. Let y(s) = 25*i(s) + 2*m(s). What is y(j)?
5
Let k(d) be the second derivative of d**4/6 - 19*d**3/3 - 11*d**2 + 5153*d. Give k(18).
-58
Let j(f) = f**3 + 10*f**2 - 10*f + 3. Suppose 0 = 21*b + 137 + 94. What is j(b)?
-8
Let q(h) = -45 - h**2 - 30